a**2 + a - 8. Let w be b(6). Let j be (5 + (-18)/4)/(1/18). What are the prime factors of w/(-3) - (-345)/j?
3, 13
Let o = 41 + -36. Suppose -3 = -4*i + 2*b - b, 0 = -i - 5*b + 27. Suppose -2*a + 0*s = 2*s - 32, -a - i = -o*s. List the prime factors of a.
13
Suppose -r - t + 104 = 0, 3*r - 232 - 83 = -4*t. Let i = -85 + r. List the prime factors of i.
2
What are the prime factors of (((-4578)/35)/(-3))/((-5)/(-175))?
2, 7, 109
Let d(x) = -x**3 + 8*x**2 - 6. Let k be d(8). Let b be (8/k)/(21/(-63)). What are the prime factors of b - 117/(3 + -6)?
43
Suppose 3*b = -2*h - 0*h + 40, h = 2*b + 27. Let n = -38 + 79. Let i = n - h. List the prime factors of i.
2, 3
Let q(l) = -2*l - 17. Suppose b + 4*y + 11 = 6*b, 4*b = 4*y + 12. Let o(a) = a. Let s(k) = b*q(k) + 4*o(k). List the prime factors of s(7).
59
Suppose 4*c + 2*a = -a + 36, 5*c - 3*a - 18 = 0. Let d = 51 + c. List the prime factors of d.
3, 19
Suppose -19*t = -17*t - 22. Suppose 5*v - 31 = -3*z - t, -3*z = -4*v + 16. What are the prime factors of v?
2
Suppose -2*q + 6 = 0, 10*p = 7*p + 2*q + 7884. List the prime factors of p.
2, 5, 263
Let x(z) = 13*z**2 + 26*z - 8. Let y be x(6). Let u = -437 + y. List the prime factors of u.
179
Let i(z) = 2*z**2 + 6*z - 10. Let h(v) be the second derivative of v**3/2 + 27*v**2/2 + 5*v. Let n be h(-11). What are the prime factors of i(n)?
2, 13
Suppose -5*r + 2 = -18. Suppose -r*o + 7*o = 114. What are the prime factors of o?
2, 19
Let w(c) = 9*c - 15. Let f = 18 + -11. Let m be w(f). Suppose -x = -4*x + m. What are the prime factors of x?
2
Let l(r) = 44*r + 10. Let d be l(5). Let n = d - 121. What are the prime factors of n?
109
Let k = 1057 + -696. What are the prime factors of k?
19
Let p be (-4 + 129)*(-1 + 0 - -3). Let q = p - 107. List the prime factors of q.
11, 13
Let w = -2712 - -5129. List the prime factors of w.
2417
Suppose -h = -4*b + 469, 4*b = 3*h + 337 + 126. List the prime factors of (-6)/(-15) + b/5.
2, 3
Let p(j) = j**2 + 4*j - 3. Let o be p(-5). Suppose o*g = 3*g. Suppose -6*q + q + 90 = g. List the prime factors of q.
2, 3
Suppose 3*z - 4*z + 5 = 0. Suppose -4*m + z*l + 33 = 0, -5*m - 3*l + 5 = 10. List the prime factors of (m - 5)/1 - -49.
2, 23
Let s be (7/(-2))/(-7)*0/(-5). Let x(j) = -j - 1. Let z be x(-5). Suppose i - 56 = 5*y, z*i - y - 129 = -s*y. List the prime factors of i.
31
Let i(k) = 284*k + 3. Let h be i(1). Suppose -2*a + 2*j = -126, 3*a + 2*j - h = -2*a. List the prime factors of a.
59
Let l be (-1928)/72 - (-2)/(-9). Let i = l + 69. Suppose 12 = -5*k + i. What are the prime factors of k?
2, 3
Let p = 9 - 5. Suppose -p*h = -9*h - 185. Let v = h - -61. What are the prime factors of v?
2, 3
Suppose 0 = -36*t + 26*t + 21840. What are the prime factors of t?
2, 3, 7, 13
Let o = -1123 + 1169. List the prime factors of o.
2, 23
Let z(r) = -r - 3. Let b be z(-9). Suppose 113 = b*f - 307. List the prime factors of f.
2, 5, 7
Suppose 6*p - 8 = 4*p. Suppose -2*g + p*g - 10 = -4*q, -4*g - 40 = -4*q. Suppose q*f - 54 = 3*f. List the prime factors of f.
3
Let y(b) = -b**3 - 7*b**2 + 17*b - 8. Let j be y(-9). Suppose 41 = 2*g - 93. Suppose -4*p + j + g = 0. What are the prime factors of p?
17
Suppose -3*t = 29 - 149. Suppose t = 3*z + 2*z. List the prime factors of z/(-20)*-5 - -4.
2, 3
List the prime factors of 10*399/14 + 2.
7, 41
What are the prime factors of 3/(-7) - 16416/(-133)?
3, 41
Let y(w) = -w**3 + w**2 - w + 308. Let q be y(0). Suppose 5*a - 77 = -g, -7*a = -4*g - 10*a + q. List the prime factors of g.
7, 11
Suppose -m - 10 = -11. What are the prime factors of 7904/64 - 1/2*m?
3, 41
Let k(c) = 5*c + 31. What are the prime factors of k(-4)?
11
Let t(j) = j - 7. Let k be t(5). Let b = 55 - k. List the prime factors of b.
3, 19
Suppose 7*d - 4*d = -2*h + 604, 4*d = -3*h + 806. Let m = d + -142. Suppose 3*g - 56 = m. List the prime factors of g.
2, 19
Let v(p) = -15*p - 9. Let m(h) = h + 1. Let w(r) = 4*m(r) + v(r). Let q be w(-3). Suppose 3*o + 39 = 3*f, -4*f + o = -2*f - q. What are the prime factors of f?
3, 5
Suppose 0 = -4*l - 3*k + 2535, -13*l + 17*l - 2510 = 2*k. What are the prime factors of l?
2, 3, 5, 7
Let w(o) = 63*o - 27. Let s be w(7). Let a = s + -269. What are the prime factors of a?
5, 29
Let j = 19 + -11. Suppose 3*z - j*z + 5*b + 80 = 0, -4*b - 45 = -3*z. Suppose a - 24 = -z. What are the prime factors of a?
5
Suppose -4*a + 0*a = -3*t - 447, 4*a = -4*t + 412. Suppose -a = -j + 36. What are the prime factors of j?
2, 3
Suppose -23*p = -25*p + 1082. List the prime factors of p.
541
Suppose -4 = -t + 4. Let c be (-6)/33 - 144/(-66). Suppose 0 = 2*s + d - 64, -t = c*d - 0*d. What are the prime factors of s?
2, 17
Let t(v) = v**2 - 43*v - 344. What are the prime factors of t(-10)?
2, 3, 31
Let o(a) = 29*a + 13. Let v(b) = -15*b - 6. Let j(t) = 4*o(t) + 9*v(t). Suppose 0*k + 13 = -4*c + k, 3*c - 4 = -2*k. List the prime factors of j(c).
2, 3
Let y(r) = 270*r**2 + 25*r - 76. What are the prime factors of y(3)?
7, 347
List the prime factors of 2/5 - (-29549)/65.
5, 7, 13
Suppose -w + 2*w - 11 = 0. Let u = 33 - w. What are the prime factors of u?
2, 11
Suppose -14*y + 17*y - 14478 = 4*z, -2*y - z + 9652 = 0. List the prime factors of y.
2, 19, 127
Suppose 3*l - y - 1435 = -123, 4*l = -5*y + 1762. Suppose -l = -0*b - 3*b. What are the prime factors of b?
2, 73
What are the prime factors of -2 - -2 - (10 + -364)?
2, 3, 59
Let c = -6 + 19. Let x = c - -12. Suppose 0 = -8*l + 9*l - x. What are the prime factors of l?
5
Suppose 5*b + 3*o + 203 = 53, 0 = 4*b + 5*o + 120. Suppose -2*p - 5*x = 1484, 0 = -5*p + 9*p + 3*x + 2940. What are the prime factors of (-9)/(-15) + p/b?
5
Let m(j) = -7*j - 1. Let d be m(-1). Suppose q + 24 - 37 = 0. Let r = q + d. List the prime factors of r.
19
Let f(m) = -m**3 - m**2 + 95. Let u be f(0). Suppose 5*i - 4*h = -631, -2*i - h - u = 160. What are the prime factors of (-4)/24 - i/6?
3, 7
Let v be (-4 + 6/3)*-80. Suppose v = 3*q + q. Suppose -m = -4*m - 3, -5*m + q = 5*y. What are the prime factors of y?
3
Let z = -2187 + 6028. List the prime factors of z.
23, 167
Suppose 51 = 5*z - 49. Suppose o - z = 6. What are the prime factors of o?
2, 13
Let g be (-1 + 2)/(-3 - 70/(-24)). List the prime factors of (g/8)/((-6)/280).
2, 5, 7
Let j be (-12)/(-9) + (-4)/12 - 4. List the prime factors of 33/j*(-66)/(6/2).
2, 11
Let m(t) = 2*t**3 - 7*t**2 + 13*t - 18. Let i(l) = -l**3 + 6*l**2 - 12*l + 18. Let r(o) = 7*i(o) + 6*m(o). What are the prime factors of r(4)?
2, 157
Let w = -58 + 84. Let u = 93 - w. Let m = -41 + u. What are the prime factors of m?
2, 13
Let v = 151 + -138. Suppose 5*i = f + 68 - v, i + 5*f = 11. List the prime factors of i.
11
Suppose 4*f + 5*i = -5 - 136, 0 = 2*f + 3*i + 73. Let h = 66 + f. What are the prime factors of h?
37
Suppose 3*u - 5 = -2. Let j(m) = -m**2 + 1. Let b be j(u). Suppose -4*v = 3*a - 15, -2*v - 2*a + a + 7 = b. What are the prime factors of v?
3
Suppose 7*z - 60 = 2*z. Suppose z*m - 20*m = -1080. What are the prime factors of m?
3, 5
Let w be (-740)/(-15) + 3/(-9). Let f = -12 + w. List the prime factors of f.
37
Let d be (-31)/(2*(-1)/(-2)). Let m = 61 - d. Suppose f - m = -3*f. List the prime factors of f.
23
Let t(k) = -2*k**2 + 7*k**3 + 0*k - 1 - 2*k**2 + 3*k. Suppose -n - 374 + 376 = 0. List the prime factors of t(n).
3, 5
Suppose -y - 4*f - 40 = 3*y, -4*f = 8. Let a be 3/(-12) + 22/y. What are the prime factors of (484/33)/((-2)/a)?
2, 11
Let p(r) = -r - 1. Let k be p(-4). What are the prime factors of (-87)/(k + (-18)/4)?
2, 29
Let o be (-24)/(-14) + 8/28. Suppose -14 = -r + 4*i, 2*i = 2*r + 6 - 16. Suppose -4*q + 8 = -o*q, 5*q = r*h - 32. What are the prime factors of h?
2, 13
What are the prime factors of ((-35)/5)/1 - -14 - -4109?
2, 3, 7
Let p(q) = 69*q + 92. What are the prime factors of p(14)?
2, 23
Let u be ((-24)/(-9))/(8/12). Let y be 50/(-8) + 1/u. List the prime factors of 12/(-7)*(y - 1).
2, 3
Suppose -6*m - m + 14 = 0. Suppose -m*l - 255 = -3*h + 2*l, 3*l = -9. What are the prime factors of h?
3
Suppose 3*u = -u + 2*v + 1312, -3*u - 2*v = -998. Suppose 0 = 5*h - 5*b - u, h - 3*b - 44 = 14. List the prime factors of h.
2, 5, 7
Let w(v) = v**3 - 7*v**2 - 8*v + 1. Let b be w(8). Let y(t) = 8*t - t + 0*t + b - 3*t + 2*t**2. List the p